{"id":180,"date":"2025-01-03T21:15:59","date_gmt":"2025-01-03T20:15:59","guid":{"rendered":"https:\/\/www.zadania360.pl\/?page_id=180"},"modified":"2025-02-20T18:58:32","modified_gmt":"2025-02-20T17:58:32","slug":"korepetycje-online","status":"publish","type":"page","link":"https:\/\/www.zadania360.pl\/index.php\/korepetycje-online\/","title":{"rendered":"Korepetycje online"},"content":{"rendered":"\n<p>B\u0119dziemy dodawa\u0107, odejmowa\u0107, mno\u017cy\u0107 i dzieli\u0107&#8230;<\/p>\n","protected":false},"excerpt":{"rendered":"<p>B\u0119dziemy dodawa\u0107, odejmowa\u0107, mno\u017cy\u0107 i dzieli\u0107&#8230;<\/p>\n","protected":false},"author":1,"featured_media":9,"parent":0,"menu_order":0,"comment_status":"closed","ping_status":"closed","template":"single-page-sidebar-on-left","meta":{"footnotes":""},"class_list":["post-180","page","type-page","status-publish","has-post-thumbnail","hentry"],"_links":{"self":[{"href":"https:\/\/www.zadania360.pl\/index.php\/wp-json\/wp\/v2\/pages\/180","targetHints":{"allow":["GET"]}}],"collection":[{"href":"https:\/\/www.zadania360.pl\/index.php\/wp-json\/wp\/v2\/pages"}],"about":[{"href":"https:\/\/www.zadania360.pl\/index.php\/wp-json\/wp\/v2\/types\/page"}],"author":[{"embeddable":true,"href":"https:\/\/www.zadania360.pl\/index.php\/wp-json\/wp\/v2\/users\/1"}],"replies":[{"embeddable":true,"href":"https:\/\/www.zadania360.pl\/index.php\/wp-json\/wp\/v2\/comments?post=180"}],"version-history":[{"count":5,"href":"https:\/\/www.zadania360.pl\/index.php\/wp-json\/wp\/v2\/pages\/180\/revisions"}],"predecessor-version":[{"id":362,"href":"https:\/\/www.zadania360.pl\/index.php\/wp-json\/wp\/v2\/pages\/180\/revisions\/362"}],"wp:featuredmedia":[{"embeddable":true,"href":"https:\/\/www.zadania360.pl\/index.php\/wp-json\/wp\/v2\/media\/9"}],"wp:attachment":[{"href":"https:\/\/www.zadania360.pl\/index.php\/wp-json\/wp\/v2\/media?parent=180"}],"curies":[{"name":"wp","href":"https:\/\/api.w.org\/{rel}","templated":true}]}}